31301122
In base 11, what is 8218120 + -4?
8218117
In base 13, what is -b21acb6 + -c?
-b21acc5
In base 10, what is -25389668 - -4?
-25389664
In base 7, what is 6 + -26205140?
-26205131
In base 3, what is 12102012 + 1212211002?
2002020021
In base 4, what is 0 + -110221002333210?
-110221002333210
In base 14, what is 3 - 1bb151cd?
-1bb151ca
In base 3, what is 220000 + 1010221222010?
1010222212010
In base 16, what is 2824 + -ad7?
1d4d
In base 13, what is 8c679 + 1b5?
8c861
In base 14, what is 37 - 202639?
-202602
In base 9, what is -80740125 + 2?
-80740123
In base 13, what is -3c9303 - 15?
-3c9318
In base 9, what is 13748 - 377?
13361
In base 13, what is -109ab + -140?
-10b1b
In base 12, what is -327aba2 + -32?
-327b014
In base 2, what is 100110010 - -11110010101101110?
11110011010100000
In base 7, what is 4204514 - 2?
4204512
In base 9, what is -82237 + -14845?
-107183
In base 15, what is -17448d2 + 2?
-17448d0
In base 2, what is -111 + -11100001001101111100010100?
-11100001001101111100011011
In base 4, what is 10123130030200 + -22?
10123130030112
In base 16, what is -1676 - -aa7?
-bcf
In base 5, what is 24221411 + -134?
24221222
In base 10, what is -1243 + -9982?
-11225
In base 10, what is 493926393 + 0?
493926393
In base 5, what is 224 + 24420322?
24421101
In base 6, what is 30 - 1423242112?
-1423242042
In base 15, what is 10c4 - -2e?
1103
In base 13, what is -6b7 + 1639c?
159b5
In base 13, what is -270a - -4bc?
-221b
In base 11, what is a - 2a092721?
-2a092712
In base 7, what is -1326 + -111010?
-112336
In base 16, what is 12c + -2566ba?
-25658e
In base 4, what is -1121313 - 33232033?
-101020012
In base 4, what is -2120 + 100003?
31223
In base 4, what is -331212020031101 + -1?
-331212020031102
In base 5, what is -132 - 42222220?
-42222402
In base 13, what is 75 - -1116699?
1116741
In base 12, what is 139335 - -3a?
139373
In base 15, what is 995e53 - 5?
995e4d
In base 2, what is 10000111100000 + 11010010010?
10100001110010
In base 2, what is 10000110010111101110000010000 - -10?
10000110010111101110000010010
In base 14, what is -4268d - 62?
-42711
In base 15, what is 5 - -100c6e?
100c74
In base 6, what is -2 - -15415533311?
15415533305
In base 3, what is 11002221111200022 + 2?
11002221111200101
In base 9, what is 2 - 4860338?
-4860336
In base 14, what is -22209 - -9?
-22200
In base 9, what is -53328514 - -4?
-53328510
In base 14, what is -208 + 1d1154?
1d0d4a
In base 9, what is -4710662 - -81?
-4710571
In base 6, what is 112353540 - 1522?
112352014
In base 15, what is -5 - -35b?
356
In base 13, what is -29 + 4b09ab?
4b0982
In base 3, what is 1002 - -100220111011?
100220112020
In base 12, what is -29597685 - -3?
-29597682
In base 16, what is 3ceb26 + 4?
3ceb2a
In base 16, what is -f2f + -2e4?
-1213
In base 13, what is -243 + ac76a?
ac527
In base 3, what is 122112220220 + 121002?
122120111222
In base 12, what is 21 - -422b979?
422b99a
In base 3, what is -10200001122111 + -1?
-10200001122112
In base 9, what is 222 - -3001402?
3001624
In base 5, what is 1304104431 - 10?
1304104421
In base 9, what is -1188838 - -15?
-1188823
In base 14, what is 6 + 727487?
72748d
In base 7, what is -1230 + -3434554?
-3436114
In base 11, what is 61216542 + -1?
61216541
In base 11, what is 281106 + 20?
281126
In base 14, what is 5c19 + -27410?
-215d5
In base 11, what is -a804705 - -8?
-a8046a8
In base 4, what is 1 - -111122212202?
111122212203
In base 11, what is -17a0 - 4808?
-64a8
In base 7, what is -1551025133 - 0?
-1551025133
In base 11, what is -296a71 + -1636?
-2985a7
In base 12, what is 21a4 - 14380?
-12198
In base 11, what is -3296961 + -42?
-32969a3
In base 15, what is -5 + -25d94c?
-25d952
In base 10, what is -2323435 + 0?
-2323435
In base 13, what is 1170 - -72658?
737c8
In base 4, what is 2 - -3311130231?
3311130233
In base 14, what is -5494bba - -3?
-5494bb7
In base 2, what is 11000110111011001 + 111010101?
11000111110101110
In base 3, what is -101110100022 + -1201121?
-101112001220
In base 10, what is 31719 + -10177?
21542
In base 5, what is -3121 + -102331134?
-102334310
In base 2, what is -11100110000010 - -1011010111101010?
111110001101000
In base 6, what is -2033503 - -2?
-2033501
In base 10, what is 3 - -35882454?
35882457
In base 12, what is 203869b9 + 0?
203869b9
In base 7, what is -14025362 + 221?
-14025141
In base 13, what is 214ccb + 8?
215006
In base 11, what is 414a8360 + -3?
414a8358
In base 14, what is 70b7 - 639?
687c
In base 8, what is -276 + 34266?
33770
In base 14, what is c43 - 115c2d?
-114dca
In base 10, what is 0 - 7219560?
-7219560
In base 13, what is 65 + 4ac09?
4ac71
In base 12, what is 3 - 14808964?
-14808961
In base 15, what is -7 - 6122a?
-61232
In base 10, what is -39 - 150323?
-150362
In base 10, what is 2426038028 - 4?
2426038024
In base 10, what is -637 + 408934?
408297
In base 6, what is -105045550 + 4?
-105045542
In base 2, what is -1011 + 10011111000000001011000?
10011111000000001001101
In base 3, what is 211 + -122021111010?
-122021110022
In base 4, what is -1023 - 1323200001?
-1323201030
In base 9, what is 1 - 16840454?
-16840453
In base 14, what is -3 + 1522896?
1522893
In base 7, what is 633102201 - -4?
633102205
In base 6, what is -3414 - 4240022?
-4243440
In base 4, what is -1003331 - 322010?
-1332001
In base 6, what is -20542 + 2402?
-14140
In base 12, what is 26270b4a + 1?
26270b4b
In base 14, what is 10434d4 - 3?
10434d1
In base 7, what is 162044534 + -4?
162044530
In base 15, what is 3a712e07 + -4?
3a712e03
In base 7, what is -12240513 - 1420?
-12242233
In base 16, what is -184dd027 - 0?
-184dd027
In base 4, what is -311220 + 332013231?
331102011
In base 14, what is 7a7485 + -2?
7a7483
In base 2, what is 11000010001010 + -1011110010001?
1100011111001
In base 15, what is -130201 + -5c?
-13025d
In base 16, what is 94e1 - 113?
93ce
In base 4, what is -1020032 + 131?
-1013301
In base 4, what is -1111 - 10003220013?
-10003221130
In base 5, what is -1424431412 - 2?
-1424431414
In base 6, what is 354333 - 504?
353425
In base 15, what is -1 + 344654?
344653
In base 9, what is -5 - -6050762?
6050756
In base 9, what is 13177120 - -4?
13177124
In base 8, what is -30 + 1116653?
1116623
In base 13, what is 0 - -39686a?
39686a
In base 4, what is -231300003031 + 2?
-231300003023
In base 11, what is -295a79 + -20?
-295a99
In base 4, what is 30300033 + -10013?
30230020
In base 9, what is -268 + 26220?
25841
In base 13, what is -9b + 12ac6b0?
12ac612
In base 6, what is -32505 - 45243?
-122152
In base 11, what is -4389 + -84?
-4462
In base 16, what is -2 + -2e3e0a6?
-2e3e0a8
In base 6, what is 0 + 302414233?
302414233
In base 3, what is -21 + -2010200220112111?
-2010200220112202
In base 14, what is -ba546 - 7?
-ba54d
In base 5, what is 41 + -42110030?
-42104434
In base 8, what is 31040 - -151575?
202635
In base 4, what is -1032123000333 + 2?
-1032123000331
In base 3, what is 0 + 2000212111001?
2000212111001
In base 6, what is -1003505252 - 3?
-1003505255
In base 3, what is -1120 + -100211002022?
-100211010212
In base 4, what is 230010 + 1031101002?
1031331012
In base 13, what is 10c31a + a?
10c327
In base 8, what is 222705 + -1221?
221464
In base 9, what is 10028 - -1064?
11103
In base 13, what is -368 - -b8b2?
b547
In base 11, what is -6a + 3855?
3796
In base 12, what is 41a - 1ab1?
-1693
In base 15, what is -2163d - 8d?
-216cb
In base 4, what is -10231312122033 + -11?
-10231312122110
In base 14, what is -3d38 + -1da?
-4134
In base 5, what is 112121 + 210023?
322144
In base 13, what is 3736733 - -5?
3736738
In base 5, what is 1023030 + -1100?
1021430
In base 12, what is -78296 + -63b?
-78915
In base 7, what is 1211 - -112602?
114113
In base 9, what is 0 - -2227048?
2227048
In base 10, what is -166739 + 51?
-166688
In base 8, what is 67333653 - -23?
67333676
In base 13, what is -3 - -b46b3ba?
b46b3b7
In base 13, what is -42696 + 31a4?
-3c4c2
In base 3, what is -1011001120101100 - 21?
-1011001120101121
In base 4, what is 1323103211132 - -12?
1323103211210
In base 8, what is -13745 - 1140?
-15105
In base 8, what is -1666322 + 400?
-1665722
In base 8, what is 4210 - -15711?
22121
In base 4, what is -2 - 210220333001?
-210220333003
In base 4, what is -1 - -2211330303330?
2211330303323
In base 10, what is -80 + -13315?
-13395
In b